e remainder when 163 is divided by s(-23)?
31
Let b = -1000 - -1009. What is the remainder when (43 + 2 + -1)/1 is divided by b?
8
Let i = -2831 - -2880. What is the remainder when 2104 is divided by i?
46
Let c(x) = -84 - 2*x + 3*x**2 + 84 - 2*x**2. Calculate the remainder when c(-6) is divided by 17.
14
Suppose -2*i + 4 = 0, -b + 4*b - 93 = 3*i. Let h = -43 + -103. Calculate the remainder when b is divided by 2/(-8) + h/(-8).
15
Let g be -11 - (6 + -2)/(-4). Let x(k) = -4*k - 30. Calculate the remainder when 18 is divided by x(g).
8
Let l(g) = g + 20. Let q be l(-18). Let f(r) = -8*r + r**3 + 13 + 4*r**2 + 15 + 7*r - q*r**2. What is the remainder when 53 is divided by f(0)?
25
Suppose -3*d + 5*d = -4*f + 540, 2*d - 3*f - 526 = 0. What is the remainder when d is divided by 67?
65
Let i = 132 - 18. Suppose -3*m + 63 = -0*m. What is the remainder when (40/30)/(4/i) is divided by m?
17
Calculate the remainder when ((-29)/3 - -11)/(8/942) is divided by 67.
23
Suppose z + 61*z - 1500 = -38*z. Suppose -3*c - 9 = -174. Calculate the remainder when c is divided by z.
10
Suppose 159 + 58 = 7*o. Let s = -13 + o. Calculate the remainder when 35 is divided by s.
17
Let c = 17 + -12. What is the remainder when 38 is divided by (2/c)/(3/60)?
6
Suppose 593 + 1189 = 9*u. Calculate the remainder when u is divided by -60*1*(-4)/6.
38
Suppose -39 = 5*r - 4*p - 139, -5*r + 140 = 4*p. What is the remainder when 35 is divided by r?
11
Let l = 133 - 129. Calculate the remainder when 61 is divided by l.
1
Calculate the remainder when 24 is divided by 1572/68 + (-12)/102 + 0.
1
Suppose -2128 = -21*w - 343. What is the remainder when w is divided by 25?
10
Let o = 41 + -38. Suppose -131 = -5*g - o*u - 33, -5*u = -3*g + 52. Let y(b) = -6*b**3 - b. Calculate the remainder when g is divided by y(-1).
5
Let w = 2 - 8. Suppose 0 = 2*y + 10, -k - 2*y - 89 = -y. Calculate the remainder when (28/w)/(8/k) is divided by 13.
10
Let q(h) = -3*h + 28. Calculate the remainder when 177 is divided by q(-13).
43
Suppose 46*h - 163 = 43*h - z, 218 = 4*h + z. What is the remainder when 325 is divided by h?
50
Let j = 25 - 25. Suppose j*x + 381 = 3*x. Suppose 0 = 4*l - 105 - x. Calculate the remainder when l is divided by 12.
10
Suppose -1 = 4*m - 5*m, 4*a - 165 = 3*m. Let v = a - 16. What is the remainder when 100 is divided by v?
22
Let u = 145 - 135. What is the remainder when 74 is divided by u?
4
What is the remainder when (2 + (-753)/18)/((-44)/264) is divided by 28?
15
Suppose -3*y = -3 - 9. Suppose 3*p + 8 = 7*p. Suppose -1 = -0*s + s, p*a - y*s = 40. What is the remainder when 71 is divided by a?
17
Let d(h) = 18*h - 34. Let w be d(10). Let q = w + -128. Calculate the remainder when q is divided by 8.
2
Let q = -249 - -261. Calculate the remainder when 237 is divided by q.
9
Suppose -v = -s + v + 21, -69 = -3*s + 4*v. Let f = 58 - s. Calculate the remainder when f is divided by 19.
12
Suppose -4*t = y - 1422, 0 = 2*t - 33*y + 35*y - 714. Calculate the remainder when t is divided by 91.
82
Let n(v) be the first derivative of -v**3/3 - 15*v**2/2 + 3*v + 8. What is the remainder when n(-15) is divided by 1?
0
Let u(m) = 2*m**3 - 17*m**2 - 54*m + 1. What is the remainder when 107 is divided by u(11)?
11
Let d(w) = -w**2 + 12*w + 2. Let a be (2*(-10)/(-8))/((-2)/(-4)). Suppose -a*k + 49 = -11. Calculate the remainder when d(8) is divided by k.
10
What is the remainder when 2324 is divided by (-1)/(-4) - (-2091)/164?
10
Let a = 156 + -29. Let k = -70 + a. Calculate the remainder when k is divided by 10.
7
Suppose 34*x - 228 = 1574. Calculate the remainder when 201 is divided by x.
42
Suppose -4*d + 244 = -4*g, -4*d - 73 = -g - 320. Suppose 2*c - 23 = -3*i, -3*c + 3*i + 2*i = -44. Calculate the remainder when d is divided by c.
10
Let o = -69 + 78. What is the remainder when 15 is divided by o?
6
Let b(p) = 5*p + 52. Let v be b(-10). Suppose 4*j - v*y - 250 = 0, -2*j = 2*j + y - 241. Let r = -26 + 42. What is the remainder when j is divided by r?
13
Suppose 27 = -4*m - 5*p - 46, -4*m + 5*p = 63. What is the remainder when 113 is divided by (m - -18)*(37 + 1)?
37
Let y(q) = 2*q**2 + 8*q - 12. Let a = -21 - -13. What is the remainder when 102 is divided by y(a)?
50
Suppose 38 = 3*i + 4*y, -3*i + 3*y + 58 = 2*y. Suppose 7*r = 5*r + i. What is the remainder when 35 is divided by r?
8
Let u(c) = -153*c + 169. What is the remainder when u(-4) is divided by 9?
7
Let c = -130 + 205. Suppose 4*q + 5*r - c = 0, 5*q - 26 = -2*r + 55. Calculate the remainder when 37 is divided by q.
7
Suppose 66 = 4*f - 94. Let x = -8 + 29. Suppose 3*i + x = 63. What is the remainder when f is divided by i?
12
Let h be ((-8)/(-12))/(1 - (-8)/(-12)). Suppose -n - 54 = -3*n - u, -3*n - h*u = -80. What is the remainder when n is divided by 15?
13
Let g(w) = 2*w**2 - 5*w - 4. What is the remainder when g(-3) is divided by (-13)/208*8*-22?
7
Suppose -3*t + 16 = 2*q, 2*q + 8 = 4*t - 4. Suppose t*g = -r + 47, 6*r - r - 199 = -2*g. What is the remainder when r is divided by 10?
9
Suppose -7 - 8 = 3*j + 3*m, -2*j + 3*m = -15. Suppose -5 = -l + q + 32, 3*q - 12 = j. What is the remainder when 204 is divided by l?
40
What is the remainder when 105 is divided by (4 + -1)*2/(0 + 2)?
0
Let x(m) = -m**3 + 10*m**2 - 6*m - 1. Let u be x(9). Let l = u + -12. What is the remainder when 67 is divided by l?
11
Suppose 12*x - 541 = 1331. What is the remainder when x is divided by 23?
18
Suppose 18*g - 1297 = -1117. Let b(t) = 5*t - 3. Calculate the remainder when b(4) is divided by g.
7
Let z(x) = -4*x - 2*x + 7*x - 6*x - 15. Calculate the remainder when 57 is divided by z(-6).
12
Suppose 28 = -3*w + 217. Let p = -242 - -258. Calculate the remainder when w is divided by p.
15
Let k = 144 + -73. Calculate the remainder when k is divided by 8.
7
What is the remainder when 136/(-374) + 54957/33 is divided by 49?
48
Suppose v = -2*x + 5, 5*v + 2*x = 11 + 14. What is the remainder when 219 is divided by v?
4
Suppose 4*v + 12 = 2*b, -4*v + 3 + 13 = 5*b. Suppose 0 = -3*r + 3*k + 3, -7 - 5 = b*k. Let g = r - -22. What is the remainder when g is divided by 11?
9
Let l = -12 + 5. Let i(r) = r**2 + 6*r - 5. Calculate the remainder when 15 is divided by i(l).
1
Suppose 5*o + 2*x - 76 = 30, -60 = -3*o - 3*x. Suppose 5*k = j - 45, -4*k - 4*j - 22 = -2*j. Calculate the remainder when o is divided by 18/k*(-8)/3.
4
Calculate the remainder when 176 is divided by -72*(-2 - (-12)/8).
32
Let b = 10 - -4. Let f = b + -12. Suppose -d - 175 = -f*j, 2*j - 5*d = 102 + 93. Calculate the remainder when j is divided by 29.
27
Suppose -943 = -3*u + 2*l, 5*u + l = -235 + 1824. Calculate the remainder when u is divided by 18.
11
Let j(s) = s + 29. Let i be j(-13). Suppose 3*q = 2 + i. What is the remainder when 16 - (2 + -1)*-1 is divided by q?
5
Let l = -313 - -563. What is the remainder when l is divided by 84?
82
Suppose -2*n + 28 = 24. Suppose 831 = n*v + v. Calculate the remainder when v is divided by 56.
53
Calculate the remainder when 6 + 2690/30 - (-8)/6 is divided by 11.
9
Let i be ((-4)/(-4) + -2)/(1/2). Suppose -4*g - 42 = -142. Calculate the remainder when (i/5)/((-9)/1035) is divided by g.
21
Let i = 58 - 29. Calculate the remainder when 259 is divided by i.
27
What is the remainder when 42 is divided by (-4)/(2 - -1 - (-516)/(-156))?
3
Let c = 67 + -46. Suppose -3*g - 8 + 2 = 0. Calculate the remainder when (-3 - g) + 82*1 is divided by c.
18
Suppose k = 4*o - 8, -5*k + 6*o = 2*o + 40. What is the remainder when 26 is divided by 2/(k/(-4)) - -6?
5
Let k(u) = 17*u**2 + 2*u + 1. Suppose 24 = 5*b - b. Suppose -5*x = 5*n, -2*n + 2*x + 2 = b. Calculate the remainder when k(n) is divided by 9.
7
Let m(t) = -t**2 - 12*t - 22. Let o = -6 - 3. Calculate the remainder when 14 is divided by m(o).
4
Let u(t) = -t**2 - 7*t + 21. Let f = -28 + 19. Let v be u(f). What is the remainder when 26 is divided by 9 - (3 + -4) - v?
5
Suppose i + 4*s - 561 = 0, 0 = -4*i - 3*s + 2079 + 113. Calculate the remainder when i is divided by 13.
12
Let g = 23 - 9. What is the remainder when 35 is divided by ((-90)/(-35))/(3/g)?
11
Let h = -398 - -408. What is the remainder when 308 is divided by h?
8
Suppose -12*z = 2*z - 70. Let l(f) = -f**2 - 8*f + 7. What is the remainder whe